
5, 91886549
What are the prime factors of 956187552?
2, 3, 47, 67, 3163
What are the prime factors of 31148290?
2, 5, 181, 17209
What are the prime factors of 12494929?
3499, 3571
What are the prime factors of 1480480359?
3, 493493453
What are the prime factors of 114245254?
2, 4337, 13171
What are the prime factors of 264061303?
11, 24005573
What are the prime factors of 101496672?
2, 3, 79, 1487
List the prime factors of 343038933.
3, 38115437
List the prime factors of 299002570.
2, 5, 449, 66593
List the prime factors of 12831807.
3, 109, 39241
What are the prime factors of 127706884?
2, 1013, 31517
What are the prime factors of 9426074?
2, 7, 673291
List the prime factors of 751766777.
37, 1171, 17351
What are the prime factors of 8452800564?
2, 3, 13, 23, 2355853
What are the prime factors of 122586550?
2, 5, 23, 37, 43, 67
List the prime factors of 610824261.
3, 5419, 37573
What are the prime factors of 1543712756?
2, 385928189
What are the prime factors of 387496772?
2, 13, 7451861
What are the prime factors of 47541044?
2, 17, 699133
What are the prime factors of 221880255?
3, 5, 2659, 5563
List the prime factors of 1885111565.
5, 4673, 80681
What are the prime factors of 267387244?
2, 43, 131, 11867
What are the prime factors of 3719220952?
2, 347, 1339777
List the prime factors of 594282545.
5, 118856509
List the prime factors of 196741409.
19, 61, 169751
List the prime factors of 823308210.
2, 3, 5, 9147869
List the prime factors of 40425994.
2, 7, 491, 5881
What are the prime factors of 2449973141?
7, 11, 103, 541, 571
List the prime factors of 3734511270.
2, 3, 5, 7, 197, 90271
What are the prime factors of 120328852?
2, 7, 239, 17981
What are the prime factors of 691648549?
223, 349, 8887
List the prime factors of 76584120.
2, 3, 5, 638201
List the prime factors of 39449309.
29, 47, 103, 281
List the prime factors of 861900658.
2, 307, 1403747
What are the prime factors of 219694333?
219694333
What are the prime factors of 1992286970?
2, 5, 2081, 95737
What are the prime factors of 249725870?
2, 5, 607, 41141
List the prime factors of 871100226.
2, 3, 48394457
What are the prime factors of 2658043836?
2, 3, 7, 19, 29, 709
List the prime factors of 41683923.
3, 61, 25309
List the prime factors of 1786839100.
2, 5, 1979, 9029
List the prime factors of 866903403.
3, 288967801
List the prime factors of 96996465.
3, 5, 2155477
List the prime factors of 26546646.
2, 3, 7, 23, 27481
What are the prime factors of 3118443341?
13, 29, 131, 233, 271
What are the prime factors of 562415157?
3, 6943397
List the prime factors of 16775145.
3, 5, 163, 2287
List the prime factors of 412772670.
2, 3, 5, 521, 8803
List the prime factors of 159624725.
5, 13, 37781
List the prime factors of 794376661.
13, 61105897
List the prime factors of 5389206255.
3, 5, 41, 2920979
What are the prime factors of 90826527?
3, 11, 37, 73, 1019
List the prime factors of 143240214.
2, 3, 13, 1836413
List the prime factors of 111634625.
5, 163, 5479
What are the prime factors of 53905705?
5, 7, 1193, 1291
What are the prime factors of 101748696?
2, 3, 7, 31, 2791
What are the prime factors of 35685298?
2, 11, 1622059
What are the prime factors of 303105269?
303105269
What are the prime factors of 65013294?
2, 3, 10835549
List the prime factors of 42650854.
2, 31, 687917
What are the prime factors of 2129230962?
2, 3, 167, 211, 373
List the prime factors of 404145414.
2, 3, 733, 30631
What are the prime factors of 58344478?
2, 19, 1535381
What are the prime factors of 323504950?
2, 5, 83, 137, 569
What are the prime factors of 2122475727?
3, 707491909
What are the prime factors of 531340?
2, 5, 31, 857
What are the prime factors of 277766329?
107, 2595947
What are the prime factors of 511381096?
2, 63922637
List the prime factors of 54887671.
157, 349603
What are the prime factors of 24572233?
7, 83, 42293
List the prime factors of 27159936.
2, 3, 70729
List the prime factors of 28105343.
7, 4015049
What are the prime factors of 187402203?
3, 17, 1224851
What are the prime factors of 14300527?
1231, 11617
What are the prime factors of 1323578?
2, 19, 61, 571
List the prime factors of 53852384.
2, 19, 23, 3851
List the prime factors of 92062065.
3, 5, 293, 20947
What are the prime factors of 12842144?
2, 7, 57331
What are the prime factors of 213291053?
137, 1556869
List the prime factors of 1164261505.
5, 11, 21168391
What are the prime factors of 1417630529?
7, 202518647
What are the prime factors of 52611934?
2, 53, 496339
What are the prime factors of 346735050?
2, 3, 5, 67, 34501
List the prime factors of 360222116.
2, 90055529
What are the prime factors of 496041603?
3, 101, 167, 9803
What are the prime factors of 226515837?
3, 17, 317, 14011
What are the prime factors of 606648113?
683, 888211
List the prime factors of 170160508.
2, 7, 631, 9631
List the prime factors of 202014343.
1187, 170189
What are the prime factors of 265747451?
17, 23, 233, 2917
List the prime factors of 4456865031.
3, 733, 2026769
List the prime factors of 454176218.
2, 59, 3848951
What are the prime factors of 946775532?
2, 3, 78897961
What are the prime factors of 62308556?
2, 15577139
List the prime factors of 60545876.
2, 1103, 13723
What are the prime factors of 23351744?
2, 13, 17, 127
List the prime factors of 106419735.
3, 5, 23, 229, 449
List the prime factors of 6573005513.
347, 18942379
What are the prime factors of 189109874?
2, 107, 883691
What are the prime factors of 7542549582?
2, 3, 5923, 212239
List the prime factors of 29762586.
2, 3, 7, 78737
List the prime factors of 39941490.
2, 3, 5, 1331383
List the prime factors of 374445774.
2, 3, 17, 407893
List the prime factors of 2660331999.
3, 13, 68213641
What are the prime factors of 207572929?
19, 10924891
List the prime factors of 2841352336.
2, 1601, 110921
What are the prime factors of 665037049?
71, 9366719
What are the prime factors of 145571893?
947, 153719
What are the prime factors of 179629887?
3, 59876629
What are the prime factors of 957834270?
2, 3, 5, 19, 560137
List the prime factors of 682099209.
3, 11, 6889891
List the prime factors of 480253759.
480253759
List the prime factors of 905186285.
5, 587, 308411
List the prime factors of 45733852.
2, 11433463
What are the prime factors of 169026967?
127, 857, 1553
What are the prime factors of 163229530?
2, 5, 16322953
List the prime factors of 1491597889.
43, 34688323
List the prime factors of 466362293.
71, 6568483
List the prime factors of 730869966.
2, 3, 4511543
List the prime factors of 10821010.
2, 5, 17, 53, 1201
What are the prime factors of 50406395?
5, 13, 37, 20959
What are the prime factors of 63763549?
17, 3750797
List the prime factors of 4056562470.
2, 3, 5, 135218749
What are the prime factors of 2873371132?
2, 47, 919, 16631
List the prime factors of 3216064138.
2, 7, 71, 151, 3061
List the prime factors of 3028702185.
3, 5, 41, 163, 373
List the prime factors of 1425463291.
7, 439, 463867
List the prime factors of 137194833.
3, 47, 953, 1021
What are the prime factors of 4186478?
2, 47, 44537
What are the prime factors of 15146642?
2, 7, 29, 37307
What are the prime factors of 85860554?
2, 13, 3302329
What are the prime factors of 2482033245?
3, 5, 83, 1993601
List the prime factors of 240850284.
2, 3, 31, 409, 1583
What are the prime factors of 15925986?
2, 3, 503, 1759
List the prime factors of 308443811.
13, 23726447
What are the prime factors of 2063777650?
2, 5, 11, 167, 22469
List the prime factors of 3610700.
2, 5, 36107
What are the prime factors of 54734486?
2, 1499, 18257
List the prime factors of 6691815257.
19, 10253, 34351
What are the prime factors of 63886078?
2, 1979, 16141
List the prime factors of 1433455434.
2, 3, 521, 50951
List the prime factors of 943005015.
3, 5, 20955667
List the prime factors of 74164876.
2, 3389, 5471
List the prime factors of 1293882472.
2, 161735309
What are the prime factors of 491014160?
2, 5, 7, 13, 67447
List the prime factors of 31134200.
2, 5, 155671
What are the prime factors of 45174464?
2, 197, 3583
List the prime factors of 3029108886.
2, 3, 18698203
List the prime factors of 38065169.
38065169
What are the prime factors of 921253630?
2, 5, 11, 17, 103, 4783
What are the prime factor